{"id":157,"date":"2017-07-30T14:04:46","date_gmt":"2017-07-30T14:04:46","guid":{"rendered":"http:\/\/mgv-mammolshain.de\/?page_id=157"},"modified":"2024-11-10T22:12:51","modified_gmt":"2024-11-10T22:12:51","slug":"presse-kinderchor","status":"publish","type":"page","link":"http:\/\/mgv-mammolshain.de\/?page_id=157","title":{"rendered":"Presse Kinderchor"},"content":{"rendered":"<p><img loading=\"lazy\" decoding=\"async\" class=\" wp-image-159 aligncenter\" src=\"http:\/\/mgv-mammolshain.de\/wp-content\/uploads\/2017\/07\/Bildschirmfoto-2017-07-30-um-15.41.43-256x300.png\" alt=\"\" width=\"705\" height=\"826\" srcset=\"http:\/\/mgv-mammolshain.de\/wp-content\/uploads\/2017\/07\/Bildschirmfoto-2017-07-30-um-15.41.43-256x300.png 256w, http:\/\/mgv-mammolshain.de\/wp-content\/uploads\/2017\/07\/Bildschirmfoto-2017-07-30-um-15.41.43-768x899.png 768w, http:\/\/mgv-mammolshain.de\/wp-content\/uploads\/2017\/07\/Bildschirmfoto-2017-07-30-um-15.41.43-875x1024.png 875w, http:\/\/mgv-mammolshain.de\/wp-content\/uploads\/2017\/07\/Bildschirmfoto-2017-07-30-um-15.41.43-945x1106.png 945w, http:\/\/mgv-mammolshain.de\/wp-content\/uploads\/2017\/07\/Bildschirmfoto-2017-07-30-um-15.41.43-600x703.png 600w, http:\/\/mgv-mammolshain.de\/wp-content\/uploads\/2017\/07\/Bildschirmfoto-2017-07-30-um-15.41.43.png 1112w\" sizes=\"(max-width: 705px) 100vw, 705px\" \/><\/p>\n<p style=\"text-align: center;\">(K\u00f6nigsteiner Woche, 02.03.2017)<\/p>\n<p>&nbsp;<\/p>\n<h2 style=\"text-align: center;\"><strong>110-j\u00e4hriges Jubil\u00e4um des MGV Heiterkeit<\/strong><\/h2>\n<h2 style=\"text-align: center;\"><strong>Als Luzifer aus dem Haus gejagt wurde<\/strong><\/h2>\n<p>Festlich und fr\u00f6hlich ging es zu beim gro\u00dfen Jahreskonzert im Jahr vor dem 110-j\u00e4hrigen Jubil\u00e4um des MGV Heiterkeit. Der Kinderchor er\u00f6ffnete mit einer eigenen Version der Weihnachtsgeschichte. Foto: Jochen Reichwein Der Kinderchor begeisterte die Zuh\u00f6rer mit der Weihnachtsgeschichte.<\/p>\n<p><strong>\u00a0<img loading=\"lazy\" decoding=\"async\" class=\"wp-image-164 aligncenter\" src=\"http:\/\/mgv-mammolshain.de\/wp-content\/uploads\/2017\/07\/Unbenannt-300x159.jpg\" alt=\"\" width=\"761\" height=\"403\" srcset=\"http:\/\/mgv-mammolshain.de\/wp-content\/uploads\/2017\/07\/Unbenannt-300x159.jpg 300w, http:\/\/mgv-mammolshain.de\/wp-content\/uploads\/2017\/07\/Unbenannt.jpg 454w\" sizes=\"(max-width: 761px) 100vw, 761px\" \/><\/strong><\/p>\n<p><strong>Mammolshain.\u00a0<\/strong><\/p>\n<p>\u201eWenn M\u00e4nner Kinder kriegten, k\u00e4men sie sicher nicht auf eine solche Idee\u201c \u2013 in der Krippenspielversion der \u201eKleinen Heiterkeit\u201c unter der Leitung von Nadja Gorbacheva l\u00e4sst Maria keinen Zweifel daran, was sie von der Idee einer Volksz\u00e4hlung h\u00e4lt, die kurz vor der Geburt ihres Kindes noch eine lange Reise erfordert. Aber sie h\u00e4lt nat\u00fcrlich tapfer durch, w\u00e4hrend Luzifer pers\u00f6nlich schon von einer kleinen Erk\u00e4ltung niedergeschmettert wird. \u201eSchmerz lass nach\u201c, jammert er, und da haben die kleinen Unterteufelchen endg\u00fcltig genug; waren sie doch schon mit seinen Intrigen gegen Maria und das Jesuskind nicht einverstanden. So wird die \u201eH\u00f6llische Hoheit\u201c schlie\u00dflich aus dem Haus gejagt, und einem fried- sowie hoffnungsvollen Weihnachtsfest steht nichts mehr im Weg. Mit Begeisterung und Charme absolvierten die jungen S\u00e4ngerinnen und S\u00e4nger, teilweise noch Kita-Kinder, ihren gro\u00dfen Auftritt und weisen in ihren Reihen schon einige vielversprechende Solostimmen auf; Erzengel Gabriel und Maria sowie ein frecher Luzifer, dem der Helm des Kaisers noch ein wenig zu gro\u00df ist, arbeiteten sich mit Kraft und Konzentration durch ihre umfangreichen Solopartien und lie\u00dfen sich auch dann nicht aus der Ruhe bringen, wenn sich die Sangeskollegen zwischenzeitlich neu aufstellen mussten.<\/p>\n<p><strong>Damen in der \u00dcberzahl<\/strong><\/p>\n<p>Moderator und Ehrenvorsitzender Rudolf S\u00f6chting appellierte nach dem Auftritt der jungen K\u00fcnstler an Eltern und Gro\u00dfeltern, die Kinder m\u00f6glichst fr\u00fch an Musik heranzuf\u00fchren und ihnen diese gro\u00dfe Welt zu er\u00f6ffnen, der Stellenwert des Fachs in der Schule sei viel zu gering. \u201eWenn in der Schule eine Stunde ausf\u00e4llt, dann ist es meistens die Musik.\u201c Die Kinder des Chors jedenfalls, \u00fcberwiegend M\u00e4dchen, haben erfahren, welch gro\u00dfe Freude das Musizieren bedeutet und bleiben mit Ernsthaftigkeit, aber auch viel Spa\u00df bei der Sache. Auch bei den gro\u00dfen Mitgliedern des urspr\u00fcnglichen M\u00e4nnergesangvereins haben mittlerweile die Damen \u201e\u00fcberhand genommen\u201c. \u201eUns haben sie in die hinteren Reihen gedr\u00e4ngt\u201c, klagte Rudolf S\u00f6chting, war aber darum nicht wirklich b\u00f6se; schlie\u00dflich z\u00e4hlte das stimmliche Ergebnis und das fand \u2013 unterst\u00fctzt von den Kolleginnen und Kollegen des Walldorf-Chors \u2013 gro\u00dfen Anklang im Publikum. Eine Besonderheit des Konzerts war der Auftritt des koreanischen Frauenchors mit deutschen und koreanischen Liedern, bevor am Ende alle gemeinsam ein \u201eWeihnachtslieder-Potpourri\u201c anstimmten.<\/p>\n<p>(Taunuszeitung, 06.12.2015)<\/p>\n<p><a href=\"http:\/\/www.taunus-zeitung.de\/lokales\/hochtaunus\/vordertaunus\/Als-Luzifer-aus-dem-Haus-gejagt-wurde;art48711,1743367\">http:\/\/www.taunus-zeitung.de\/lokales\/hochtaunus\/vordertaunus\/Als-Luzifer-aus-dem-Haus-gejagt-wurde;art48711,1743367<\/a><\/p>\n<p>&nbsp;<\/p>\n<p>&nbsp;<\/p>\n<p><img loading=\"lazy\" decoding=\"async\" class=\"wp-image-170 aligncenter\" src=\"http:\/\/mgv-mammolshain.de\/wp-content\/uploads\/2017\/07\/Bildschirmfoto-2017-07-30-um-16.13.00-163x300.png\" alt=\"\" width=\"645\" height=\"1187\" srcset=\"http:\/\/mgv-mammolshain.de\/wp-content\/uploads\/2017\/07\/Bildschirmfoto-2017-07-30-um-16.13.00-163x300.png 163w, http:\/\/mgv-mammolshain.de\/wp-content\/uploads\/2017\/07\/Bildschirmfoto-2017-07-30-um-16.13.00-556x1024.png 556w, http:\/\/mgv-mammolshain.de\/wp-content\/uploads\/2017\/07\/Bildschirmfoto-2017-07-30-um-16.13.00-600x1105.png 600w, http:\/\/mgv-mammolshain.de\/wp-content\/uploads\/2017\/07\/Bildschirmfoto-2017-07-30-um-16.13.00.png 742w\" sizes=\"(max-width: 645px) 100vw, 645px\" \/><\/p>\n<p style=\"text-align: center;\">(K\u00f6nigsteiner Woche, 19.12.2013)<\/p>\n","protected":false},"excerpt":{"rendered":"<p>(K\u00f6nigsteiner Woche, 02.03.2017) &nbsp; 110-j\u00e4hriges Jubil\u00e4um des MGV Heiterkeit Als Luzifer aus dem Haus gejagt wurde Festlich und fr\u00f6hlich ging es zu beim gro\u00dfen Jahreskonzert im Jahr vor dem 110-j\u00e4hrigen Jubil\u00e4um des MGV Heiterkeit. Der Kinderchor er\u00f6ffnete mit einer eigenen&#8230; <a class=\"more-link\" href=\"http:\/\/mgv-mammolshain.de\/?page_id=157\">Weiterlesen &rarr;<\/a><\/p>\n","protected":false},"author":1,"featured_media":0,"parent":13,"menu_order":0,"comment_status":"closed","ping_status":"closed","template":"","meta":{"two_page_speed":{"previous_score":{"desktop_score":89,"desktop_tti":"1.6\u00a0","mobile_score":61,"mobile_tti":"15.6\u00a0","date":"27.10.2024 07:06:43 pm","status":"completed"},"current_score":{"desktop_score":89,"desktop_tti":"1.9\u00a0","mobile_score":63,"mobile_tti":"9.4\u00a0","date":"10.11.2024 10:15:25 pm","status":"completed"}},"footnotes":""},"class_list":["post-157","page","type-page","status-publish","hentry"],"_links":{"self":[{"href":"http:\/\/mgv-mammolshain.de\/index.php?rest_route=\/wp\/v2\/pages\/157"}],"collection":[{"href":"http:\/\/mgv-mammolshain.de\/index.php?rest_route=\/wp\/v2\/pages"}],"about":[{"href":"http:\/\/mgv-mammolshain.de\/index.php?rest_route=\/wp\/v2\/types\/page"}],"author":[{"embeddable":true,"href":"http:\/\/mgv-mammolshain.de\/index.php?rest_route=\/wp\/v2\/users\/1"}],"replies":[{"embeddable":true,"href":"http:\/\/mgv-mammolshain.de\/index.php?rest_route=%2Fwp%2Fv2%2Fcomments&post=157"}],"version-history":[{"count":11,"href":"http:\/\/mgv-mammolshain.de\/index.php?rest_route=\/wp\/v2\/pages\/157\/revisions"}],"predecessor-version":[{"id":173,"href":"http:\/\/mgv-mammolshain.de\/index.php?rest_route=\/wp\/v2\/pages\/157\/revisions\/173"}],"up":[{"embeddable":true,"href":"http:\/\/mgv-mammolshain.de\/index.php?rest_route=\/wp\/v2\/pages\/13"}],"wp:attachment":[{"href":"http:\/\/mgv-mammolshain.de\/index.php?rest_route=%2Fwp%2Fv2%2Fmedia&parent=157"}],"curies":[{"name":"wp","href":"https:\/\/api.w.org\/{rel}","templated":true}]}}

<p><img loading="lazy" decoding="async" class=" wp-image-159 aligncenter" src="http://mgv-mammolshain.de/wp-content/uploads/2017/07/Bildschirmfoto-2017-07-30-um-15.41.43-256x300.png" alt="" width="705" height="826" srcset="http://mgv-mammolshain.de/wp-content/uploads/2017/07/Bildschirmfoto-2017-07-30-um-15.41.43-256x300.png 256w, http://mgv-mammolshain.de/wp-content/uploads/2017/07/Bildschirmfoto-2017-07-30-um-15.41.43-768x899.png 768w, http://mgv-mammolshain.de/wp-content/uploads/2017/07/Bildschirmfoto-2017-07-30-um-15.41.43-875x1024.png 875w, http://mgv-mammolshain.de/wp-content/uploads/2017/07/Bildschirmfoto-2017-07-30-um-15.41.43-945x1106.png 945w, http://mgv-mammolshain.de/wp-content/uploads/2017/07/Bildschirmfoto-2017-07-30-um-15.41.43-600x703.png 600w, http://mgv-mammolshain.de/wp-content/uploads/2017/07/Bildschirmfoto-2017-07-30-um-15.41.43.png 1112w" sizes="(max-width: 705px) 100vw, 705px" /></p>
<p style="text-align: center;">(Königsteiner Woche, 02.03.2017)</p>
<p>&nbsp;</p>
<h2 style="text-align: center;"><strong>110-jähriges Jubiläum des MGV Heiterkeit</strong></h2>
<h2 style="text-align: center;"><strong>Als Luzifer aus dem Haus gejagt wurde</strong></h2>
<p>Festlich und fröhlich ging es zu beim großen Jahreskonzert im Jahr vor dem 110-jährigen Jubiläum des MGV Heiterkeit. Der Kinderchor eröffnete mit einer eigenen Version der Weihnachtsgeschichte. Foto: Jochen Reichwein Der Kinderchor begeisterte die Zuhörer mit der Weihnachtsgeschichte.</p>
<p><strong> <img loading="lazy" decoding="async" class="wp-image-164 aligncenter" src="http://mgv-mammolshain.de/wp-content/uploads/2017/07/Unbenannt-300x159.jpg" alt="" width="761" height="403" srcset="http://mgv-mammolshain.de/wp-content/uploads/2017/07/Unbenannt-300x159.jpg 300w, http://mgv-mammolshain.de/wp-content/uploads/2017/07/Unbenannt.jpg 454w" sizes="(max-width: 761px) 100vw, 761px" /></strong></p>
<p><strong>Mammolshain. </strong></p>
<p>„Wenn Männer Kinder kriegten, kämen sie sicher nicht auf eine solche Idee“ – in der Krippenspielversion der „Kleinen Heiterkeit“ unter der Leitung von Nadja Gorbacheva lässt Maria keinen Zweifel daran, was sie von der Idee einer Volkszählung hält, die kurz vor der Geburt ihres Kindes noch eine lange Reise erfordert. Aber sie hält natürlich tapfer durch, während Luzifer persönlich schon von einer kleinen Erkältung niedergeschmettert wird. „Schmerz lass nach“, jammert er, und da haben die kleinen Unterteufelchen endgültig genug; waren sie doch schon mit seinen Intrigen gegen Maria und das Jesuskind nicht einverstanden. So wird die „Höllische Hoheit“ schließlich aus dem Haus gejagt, und einem fried- sowie hoffnungsvollen Weihnachtsfest steht nichts mehr im Weg. Mit Begeisterung und Charme absolvierten die jungen Sängerinnen und Sänger, teilweise noch Kita-Kinder, ihren großen Auftritt und weisen in ihren Reihen schon einige vielversprechende Solostimmen auf; Erzengel Gabriel und Maria sowie ein frecher Luzifer, dem der Helm des Kaisers noch ein wenig zu groß ist, arbeiteten sich mit Kraft und Konzentration durch ihre umfangreichen Solopartien und ließen sich auch dann nicht aus der Ruhe bringen, wenn sich die Sangeskollegen zwischenzeitlich neu aufstellen mussten.</p>
<p><strong>Damen in der Überzahl</strong></p>
<p>Moderator und Ehrenvorsitzender Rudolf Söchting appellierte nach dem Auftritt der jungen Künstler an Eltern und Großeltern, die Kinder möglichst früh an Musik heranzuführen und ihnen diese große Welt zu eröffnen, der Stellenwert des Fachs in der Schule sei viel zu gering. „Wenn in der Schule eine Stunde ausfällt, dann ist es meistens die Musik.“ Die Kinder des Chors jedenfalls, überwiegend Mädchen, haben erfahren, welch große Freude das Musizieren bedeutet und bleiben mit Ernsthaftigkeit, aber auch viel Spaß bei der Sache. Auch bei den großen Mitgliedern des ursprünglichen Männergesangvereins haben mittlerweile die Damen „überhand genommen“. „Uns haben sie in die hinteren Reihen gedrängt“, klagte Rudolf Söchting, war aber darum nicht wirklich böse; schließlich zählte das stimmliche Ergebnis und das fand – unterstützt von den Kolleginnen und Kollegen des Walldorf-Chors – großen Anklang im Publikum. Eine Besonderheit des Konzerts war der Auftritt des koreanischen Frauenchors mit deutschen und koreanischen Liedern, bevor am Ende alle gemeinsam ein „Weihnachtslieder-Potpourri“ anstimmten.</p>
<p>(Taunuszeitung, 06.12.2015)</p>
<p><a href="http://www.taunus-zeitung.de/lokales/hochtaunus/vordertaunus/Als-Luzifer-aus-dem-Haus-gejagt-wurde;art48711,1743367">http://www.taunus-zeitung.de/lokales/hochtaunus/vordertaunus/Als-Luzifer-aus-dem-Haus-gejagt-wurde;art48711,1743367</a></p>
<p>&nbsp;</p>
<p>&nbsp;</p>
<p><img loading="lazy" decoding="async" class="wp-image-170 aligncenter" src="http://mgv-mammolshain.de/wp-content/uploads/2017/07/Bildschirmfoto-2017-07-30-um-16.13.00-163x300.png" alt="" width="645" height="1187" srcset="http://mgv-mammolshain.de/wp-content/uploads/2017/07/Bildschirmfoto-2017-07-30-um-16.13.00-163x300.png 163w, http://mgv-mammolshain.de/wp-content/uploads/2017/07/Bildschirmfoto-2017-07-30-um-16.13.00-556x1024.png 556w, http://mgv-mammolshain.de/wp-content/uploads/2017/07/Bildschirmfoto-2017-07-30-um-16.13.00-600x1105.png 600w, http://mgv-mammolshain.de/wp-content/uploads/2017/07/Bildschirmfoto-2017-07-30-um-16.13.00.png 742w" sizes="(max-width: 645px) 100vw, 645px" /></p>
<p style="text-align: center;">(Königsteiner Woche, 19.12.2013)</p>

<p>(Königsteiner Woche, 02.03.2017) &nbsp; 110-jähriges Jubiläum des MGV Heiterkeit Als Luzifer aus dem Haus gejagt wurde Festlich und fröhlich ging es zu beim großen Jahreskonzert im Jahr vor dem 110-jährigen Jubiläum des MGV Heiterkeit. Der Kinderchor eröffnete mit einer eigenen&#8230; <a class="more-link" href="http://mgv-mammolshain.de/?page_id=157">Weiterlesen &rarr;</a></p>
